NOAA MONTHLY REPORT FOR MAR 2024
NAME: Ion S‡nchez Carballo CITY: STATE:
ELEV: LAT: LONG:
TEMPERATURE: ¡C RAIN: mm WIND SPEED: KM/HR DAY | MEAN TEMP | HIGH TEMP | HIGH TEMP TIME | LOW TEMP | LOW TEMP TIME | HEAT DEG DAYS | COOL DEG DAYS | RAIN | AVG WIND SPEED | HIGH WIND | HIGH WIND TIME | DOM DIR |
1 | 4.8 | 8.8 | 3:45 PM | 0.9 | 7:30 AM | 13.5 | 0.0 | 6.6 | 3.5 | 38.6 | 1:50 AM | W |
2 | 3.7 | 6.7 | 1:05 PM | 0.7 | 11:25 PM | 14.6 | 0.0 | 22.8 | 4.0 | 37.0 | 9:25 AM | ESE |
3 | 1.8 | 2.9 | 1:45 PM | 0.7 | 12:05 AM | 16.5 | 0.0 | 21.0 | 1.8 | 29.0 | 3:55 PM | W |
4 | 1.4 | 5.8 | 2:45 PM | -3.1 | 6:20 AM | 16.9 | 0.0 | 14.6 | 0.6 | 19.3 | 5:30 PM | WNW |
5 | 3.5 | 8.2 | 5:05 PM | -1.2 | 12:00 AM | 14.8 | 0.0 | 0.6 | 1.8 | 29.0 | 6:55 AM | WNW |
6 | 3.7 | 12.0 | 4:25 PM | -4.7 | 7:45 AM | 14.6 | 0.0 | 0.0 | 1.2 | 17.7 | 4:25 PM | W |
7 | 6.1 | 13.4 | 2:10 PM | -1.1 | 12:05 AM | 12.2 | 0.0 | 0.8 | 3.1 | 38.6 | 11:20 PM | ESE |
8 | 5.0 | 6.4 | 11:50 PM | 3.5 | 3:00 AM | 13.3 | 0.0 | 7.6 | 5.6 | 37.0 | 9:30 PM | ESE |
9 | 5.0 | 8.1 | 2:15 PM | 1.8 | 10:55 PM | 13.3 | 0.0 | 23.6 | 4.1 | 35.4 | 12:30 AM | ESE |
10 | 4.5 | 7.0 | 3:25 PM | 2.0 | 1:10 AM | 13.8 | 0.0 | 9.8 | 4.7 | 27.4 | 9:45 AM | W |
11 | 4.1 | 5.3 | 2:30 PM | 2.9 | 8:00 AM | 14.2 | 0.0 | 16.6 | 6.7 | 38.6 | 3:00 AM | WNW |
12 | 4.6 | 9.2 | 5:00 PM | 0.1 | 12:00 AM | 13.7 | 0.0 | 1.2 | 2.3 | 19.3 | 1:55 AM | NW |
13 | 6.9 | 17.1 | 4:00 PM | -3.2 | 7:45 AM | 11.4 | 0.0 | 0.0 | 1.7 | 19.3 | 12:40 PM | W |
14 | 8.5 | 17.7 | 3:50 PM | -0.6 | 4:55 AM | 9.8 | 0.0 | 0.0 | 1.1 | 30.6 | 3:00 PM | W |
15 | 8.9 | 17.0 | 3:15 PM | 0.8 | 7:20 AM | 9.4 | 0.0 | 0.0 | 1.0 | 16.1 | 1:35 PM | NNE |
16 | 9.9 | 18.1 | 2:00 PM | 1.7 | 7:40 AM | 8.4 | 0.0 | 0.0 | 1.8 | 19.3 | 10:55 AM | W |
17 | 13.8 | 19.7 | 3:35 PM | 7.9 | 3:25 AM | 4.5 | 0.0 | 0.0 | 1.8 | 20.9 | 12:25 PM | W |
18 | 13.2 | 19.4 | 3:20 PM | 6.9 | 12:00 AM | 5.1 | 0.0 | 0.0 | 3.5 | 17.7 | 7:15 AM | ESE |
19 | 12.6 | 21.7 | 2:30 PM | 3.4 | 7:40 AM | 5.7 | 0.0 | 0.0 | 2.0 | 22.5 | 2:45 PM | SE |
20 | 14.0 | 22.1 | 3:10 PM | 5.9 | 2:20 AM | 4.3 | 0.0 | 1.2 | 2.2 | 25.7 | 12:30 PM | W |
21 | 13.1 | 20.9 | 1:30 PM | 5.2 | 7:00 AM | 5.2 | 0.0 | 1.0 | 2.8 | 27.4 | 2:05 AM | ESE |
22 | 13.8 | 24.2 | 3:45 PM | 3.4 | 6:40 AM | 4.5 | 0.0 | 0.0 | 3.1 | 24.1 | 10:15 PM | W |
23 | 7.8 | 10.9 | 4:05 PM | 4.6 | 11:30 PM | 10.6 | 0.0 | 0.4 | 4.3 | 27.4 | 4:25 PM | E |
24 | 7.3 | 10.2 | 2:30 PM | 4.4 | 7:25 AM | 11.0 | 0.0 | 0.0 | 5.1 | 27.4 | 8:55 AM | E |
25 | 5.3 | 9.8 | 11:35 AM | 0.8 | 3:30 AM | 13.0 | 0.0 | 8.4 | 3.4 | 27.4 | 1:25 PM | ESE |
26 | 2.9 | 6.6 | 12:05 AM | -0.9 | 11:15 PM | 15.4 | 0.0 | 26.2 | 1.8 | 20.9 | 11:25 AM | W |
27 | 3.9 | 10.0 | 5:35 PM | -2.2 | 3:35 AM | 14.4 | 0.0 | 2.2 | 4.0 | 35.4 | 4:40 PM | ESE |
28 | 6.1 | 7.9 | 12:05 AM | 4.2 | 7:05 AM | 12.2 | 0.0 | 1.2 | 8.6 | 49.9 | 12:05 AM | W |
29 |
30 |
31 |
MONTH | 7.0 | 24.2 | 22 | -4.7 | 6 | 316.5 | 0.0 | 165.8 | 2.8 | 49.9 | 28 | ESE |
MAX: >= 32.2: 0.0 MAX: <= 0.0: 0.0
MIN: <= 0.0: 0.0 MIN: <= -17.8: 0.0
MAX RAIN: 26.2 ON: 03-26-24
Days of Rain: (> .2 mm) 18.0 (> 2 mm) 11.0 (> 20 mm) 4.0
Heat Base: 18.3
Cool Base: 18.3
Method: (High + Low) / 2