ANNUAL CLIMATOLOGICAL SUMMARY 2024
NAME: Ion S‡nchez Carballo CITY: STATE:
ELEV: LAT: LONG:
TEMPERATURE ¡C HEAT BASE 18.3 COOL BASE 18.3
YR | MO | MEAN MAX | MEAN MIN | MEAN | DEP FROM NORM | HEAT DEG DAYS | COOL DEG DAYS | HI | HI DATE | LOW | LOW DATE | MAX >= 90 | MAX <= 32 | MIN <= 32 | MIN <= 0 |
2024 | 1 | 9.1 | -2.2 | 3.4 | 0.0 | 460.7 | 0.0 | 18.8 | 25.0 | -11.6 | 13.0 | 0.0 | 0.0 | 19.0 | 0.0 |
2024 | 2 | 10.6 | 0.9 | 5.8 | 0.0 | 363.6 | 0.0 | 18.0 | 15.0 | -5.7 | 7.0 | 0.0 | 0.0 | 11.0 | 0.0 |
2024 | 3 | 12.4 | 1.6 | 7.0 | 0.0 | 316.5 | 0.0 | 24.2 | 22.0 | -4.7 | 6.0 | 0.0 | 0.0 | 8.0 | 0.0 |
2024 | 4 |
2024 | 5 |
2024 | 6 |
2024 | 7 |
2024 | 8 |
2024 | 9 |
2024 | 10 |
2024 | 11 |
2024 | 12 |
AVG | | 10.7 | 0.1 | 5.4 | 0.0 | 1140.8 | 0.0 | 24.2 | MAR | -11.6 | JAN | 0.0 | 0.0 | 38.0 | 0.0 |
PRECIPITATION mmYR | MO | TOTAL | DEP FROM NORM | MAX OBS DAY | DATE | .2 | 2 | 20 |
2024 | 1 | 114.6 | 0.0 | 25.8 | 6.0 | 17.0 | 12.0 | 2.0 |
2024 | 2 | 301.0 | 0.0 | 90.4 | 27.0 | 18.0 | 15.0 | 4.0 |
2024 | 3 | 165.8 | 0.0 | 26.2 | 26.0 | 18.0 | 11.0 | 4.0 |
2024 | 4 | 0.0 | 0.0 | 0.0 | 1.0 | 0.0 | 0.0 | 0.0 |
2024 | 5 | 0.0 | 0.0 | 0.0 | 1.0 | 0.0 | 0.0 | 0.0 |
2024 | 6 | 0.0 | 0.0 | 0.0 | 1.0 | 0.0 | 0.0 | 0.0 |
2024 | 7 | 0.0 | 0.0 | 0.0 | 1.0 | 0.0 | 0.0 | 0.0 |
2024 | 8 | 0.0 | 0.0 | 0.0 | 1.0 | 0.0 | 0.0 | 0.0 |
2024 | 9 | 0.0 | 0.0 | 0.0 | 1.0 | 0.0 | 0.0 | 0.0 |
2024 | 10 | 0.0 | 0.0 | 0.0 | 1.0 | 0.0 | 0.0 | 0.0 |
2024 | 11 | 0.0 | 0.0 | 0.0 | 1.0 | 0.0 | 0.0 | 0.0 |
2024 | 12 | 0.0 | 0.0 | 0.0 | 1.0 | 0.0 | 0.0 | 0.0 |
AVG | | 581.4 | 0.0 | 90.4 | FEB | 53.0 | 38.0 | 10.0 |
WIND SPEED KM/HRYR | MO | AVG | HI | DATE | DOM DIR |
2024 | 1 | 2.6 | 49.9 | 18.0 | W |
2024 | 2 | 4.6 | 61.2 | 12.0 | W |
2024 | 3 | 2.8 | 49.9 | 28.0 | ESE |
2024 | 4 | 0.0 | 0.0 | 0.0 | ------- |
2024 | 5 | 0.0 | 0.0 | 0.0 | ------- |
2024 | 6 | 0.0 | 0.0 | 0.0 | ------- |
2024 | 7 | 0.0 | 0.0 | 0.0 | ------- |
2024 | 8 | 0.0 | 0.0 | 0.0 | ------- |
2024 | 9 | 0.0 | 0.0 | 0.0 | ------- |
2024 | 10 | 0.0 | 0.0 | 0.0 | ------- |
2024 | 11 | 0.0 | 0.0 | 0.0 | ------- |
2024 | 12 | 0.0 | 0.0 | 0.0 | ------- |
AVG | | 0.8 | 61.2 | FEB | W |